33687?
7, 17, 12975073
List the prime factors of 29328019.
7, 29, 20639
List the prime factors of 1550876435.
5, 310175287
What are the prime factors of 130041584?
2, 79, 102881
List the prime factors of 343168831.
97, 3537823
What are the prime factors of 127779516?
2, 3, 1879, 1889
List the prime factors of 6002262704.
2, 29, 12935911
What are the prime factors of 44902833?
3, 19, 787769
List the prime factors of 1012486.
2, 17, 97, 307
What are the prime factors of 423817198?
2, 7, 30272657
What are the prime factors of 216738?
2, 3, 12041
What are the prime factors of 152347240?
2, 5, 1091, 3491
What are the prime factors of 23683440?
2, 3, 5, 11, 8971
What are the prime factors of 7159321013?
13, 47, 103, 113761
What are the prime factors of 100834709?
100834709
What are the prime factors of 1771109400?
2, 3, 5, 2951849
List the prime factors of 4642637390.
2, 5, 464263739
List the prime factors of 25352019.
3, 7, 11, 36583
List the prime factors of 235345.
5, 11, 389
List the prime factors of 36621720.
2, 3, 5, 89, 127
What are the prime factors of 803251110?
2, 3, 5, 173, 154769
What are the prime factors of 2831680177?
2141, 1322597
List the prime factors of 90463581.
3, 13, 257731
List the prime factors of 535309360.
2, 5, 23, 59, 4931
List the prime factors of 5772410.
2, 5, 7, 82463
What are the prime factors of 23755289?
53, 397, 1129
List the prime factors of 2694515270.
2, 5, 3167, 85081
What are the prime factors of 27017917?
211, 128047
List the prime factors of 85006495.
5, 7, 31, 78347
What are the prime factors of 52317621?
3, 19, 163, 1877
List the prime factors of 2341494278.
2, 29, 40370591
What are the prime factors of 155634647?
7, 41, 542281
List the prime factors of 66649331.
7, 23, 347, 1193
List the prime factors of 93119402.
2, 46559701
What are the prime factors of 106936227?
3, 43, 92107
List the prime factors of 4489069.
13, 127, 2719
List the prime factors of 25289288.
2, 59, 131, 409
List the prime factors of 3551226091.
7, 79, 1201, 5347
List the prime factors of 698607652.
2, 174651913
List the prime factors of 903313487.
903313487
List the prime factors of 1179542924.
2, 7, 42126533
What are the prime factors of 355752906?
2, 3, 101, 587051
What are the prime factors of 129673531?
13, 59023
What are the prime factors of 1564877590?
2, 5, 1951, 80209
What are the prime factors of 509904477?
3, 17, 29, 113
List the prime factors of 3706577631.
3, 53, 269, 9629
List the prime factors of 232216262.
2, 6101, 19031
What are the prime factors of 592407233?
11, 67, 439, 1831
What are the prime factors of 3121470740?
2, 5, 11839, 13183
What are the prime factors of 5680021647?
3, 27953, 67733
What are the prime factors of 1958026729?
1958026729
What are the prime factors of 1651423118?
2, 2969, 278111
What are the prime factors of 67085235?
3, 5, 7, 212969
What are the prime factors of 78379453?
4973, 15761
List the prime factors of 3295077796.
2, 23, 73, 490631
List the prime factors of 3247084363.
19, 23, 887, 8377
List the prime factors of 2243718366.
2, 3, 337, 1109653
List the prime factors of 221070341.
1489, 148469
List the prime factors of 56540523.
3, 13, 19, 76303
What are the prime factors of 1612679581?
223, 7231747
What are the prime factors of 96809954?
2, 137, 353321
What are the prime factors of 105594370?
2, 5, 7, 31, 48661
List the prime factors of 120704474.
2, 11, 1231, 4457
List the prime factors of 108951825.
3, 5, 31, 46861
List the prime factors of 136384717.
7, 19, 31, 1741
List the prime factors of 458451357.
3, 7, 13, 1151, 1459
List the prime factors of 856099354.
2, 11, 53, 197, 3727
What are the prime factors of 103015698?
2, 3, 41, 418763
List the prime factors of 417665661.
3, 7, 59, 48157
List the prime factors of 2052306100.
2, 5, 13, 23, 68639
List the prime factors of 1558423529.
13, 19, 233, 2083
What are the prime factors of 589936878?
2, 3, 263, 41539
What are the prime factors of 594775064?
2, 13, 5718991
What are the prime factors of 53916124?
2, 13479031
List the prime factors of 2216225726.
2, 11, 13, 41, 331, 571
List the prime factors of 72018383.
107, 673069
What are the prime factors of 127270392?
2, 3, 5302933
List the prime factors of 225032107.
8779, 25633
List the prime factors of 71770498.
2, 17, 283, 7459
What are the prime factors of 1520368694?
2, 13, 193, 302983
List the prime factors of 171488135.
5, 7, 13, 376897
What are the prime factors of 5200710?
2, 3, 5, 173357
What are the prime factors of 107673593?
107673593
List the prime factors of 8168873.
8168873
List the prime factors of 21582139.
269, 80231
What are the prime factors of 33544953?
3, 13, 409, 701
List the prime factors of 67978418.
2, 33989209
List the prime factors of 181184408.
2, 22648051
What are the prime factors of 560581116?
2, 3, 23, 283, 7177
What are the prime factors of 636919908?
2, 3, 269, 197311
List the prime factors of 496576170.
2, 3, 5, 167, 3671
What are the prime factors of 1472672837?
503, 2927779
List the prime factors of 109935136.
2, 79, 43487
List the prime factors of 751394878.
2, 13, 2237, 12919
List the prime factors of 77033574.
2, 3, 31, 138053
What are the prime factors of 50574572?
2, 12643643
List the prime factors of 6021491012.
2, 1505372753
What are the prime factors of 3727144534?
2, 1863572267
What are the prime factors of 147886850?
2, 5, 89, 167, 199
List the prime factors of 25838517.
3, 8612839
What are the prime factors of 122142665?
5, 983, 24851
What are the prime factors of 7871831081?
19, 414306899
What are the prime factors of 60234320?
2, 5, 752929
What are the prime factors of 404361371?
17, 4663, 5101
What are the prime factors of 37566287?
11, 19, 179743
List the prime factors of 1350770376.
2, 3, 56282099
What are the prime factors of 256594552?
2, 29, 479, 2309
What are the prime factors of 725694166?
2, 761, 476803
What are the prime factors of 43014226?
2, 379, 56747
List the prime factors of 36001740.
2, 3, 5, 37, 16217
What are the prime factors of 392172978?
2, 3, 65362163
List the prime factors of 110270547.
3, 19, 644857
List the prime factors of 95070637.
95070637
List the prime factors of 69680901.
3, 31, 749257
List the prime factors of 73512288.
2, 3, 255251
List the prime factors of 46720353.
3, 1489, 10459
List the prime factors of 136494459.
3, 15166051
List the prime factors of 1334355453.
3, 29, 5112473
What are the prime factors of 970131457?
139, 6979363
List the prime factors of 1397585317.
17, 23, 541, 6607
What are the prime factors of 4306382780?
2, 5, 7, 30759877
List the prime factors of 138118398.
2, 3, 11, 997, 2099
What are the prime factors of 4082598253?
197, 20723849
What are the prime factors of 418961157?
3, 139653719
What are the prime factors of 13449410?
2, 5, 13, 103457
What are the prime factors of 390965851?
4021, 97231
List the prime factors of 211822404.
2, 3, 2797, 6311
List the prime factors of 49752866.
2, 24876433
List the prime factors of 53097621.
3, 17699207
List the prime factors of 137248888.
2, 7, 17, 144169
What are the prime factors of 140368888?
2, 11, 1595101
What are the prime factors of 142135375?
5, 773, 1471
What are the prime factors of 355681782?
2, 3, 19760099
What are the prime factors of 423822953?
423822953
List the prime factors of 87195095.
5, 13, 31, 109, 397
What are the prime factors of 56709787?
56709787
List the prime factors of 213852317.
7, 223, 19571
List the prime factors of 2188018629.
3, 81037727
List the prime factors of 726190901.
12967, 56003
What are the prime factors of 648044?
2, 162011
List the prime factors of 59994996.
2, 3, 593, 8431
List the prime factors of 3270727510.
2, 5, 16361, 19991
List the prime factors of 3901427.
3901427
List the prime factors of 572942983.
281, 2038943
What are the prime factors of 321546157?
321546157
List the prime factors of 418019006.
2, 269, 776987
What are the prime factors of 1351495080?
2, 3, 5, 13, 19, 15199
What are the prime factors of 30648496?
2, 1915531
What are the prime factors of 190181598?
2, 3, 79, 607, 661
What are the prime factors of 7565748103?
4993, 1515271
What are the prime factors of 62455973?
2713, 23021
What are the prime factors of 9018565381?
7, 1288366483
What are the prime factors of 6107281